 is 2c1c - -19?
2c37
In base 14, what is -2 + a8522?
a8520
In base 8, what is -11646636 - -2?
-11646634
In base 9, what is 16144 + -5?
16138
In base 10, what is -17 - -21388?
21371
In base 9, what is -78605 - 3?
-78608
In base 7, what is -2 - 26362?
-26364
In base 16, what is 6 + -214f?
-2149
In base 6, what is -11 - -25131?
25120
In base 13, what is 9 - -31a70?
31a79
In base 15, what is 204c + -23?
2029
In base 11, what is -603 - -30?
-583
In base 11, what is 286121 - 2?
28611a
In base 6, what is 153 - -5112?
5305
In base 8, what is 150 + -216?
-46
In base 16, what is -1 - 1e206?
-1e207
In base 11, what is -15a - 1a?
-179
In base 3, what is -1100101102 - 12?
-1100101121
In base 7, what is -36 - -4322?
4253
In base 11, what is -3 + 1554aa?
1554a7
In base 7, what is 4123 - 1063?
3030
In base 16, what is -24b6 - -102?
-23b4
In base 2, what is -100 + 10010100100100?
10010100100000
In base 3, what is 112002211022 - -11?
112002211110
In base 11, what is 61502 + -2?
61500
In base 12, what is 118b28 + -3?
118b25
In base 3, what is -12 + -110202020212?
-110202021001
In base 16, what is 12e8 + -45?
12a3
In base 8, what is 1677 + -330?
1347
In base 13, what is 1 + -680b?
-680a
In base 14, what is 1031 + b1?
1102
In base 8, what is 10 - -7236?
7246
In base 2, what is -10111 + 1110010110?
1101111111
In base 4, what is -2 + -133023323?
-133023331
In base 16, what is 13cd - -1a?
13e7
In base 5, what is -4 + 123002?
122443
In base 3, what is -2210212 + 20022?
-2120120
In base 9, what is -5575 + 7?
-5567
In base 16, what is -eb49e + 2?
-eb49c
In base 8, what is 26522 - -5?
26527
In base 10, what is -103 + 5?
-98
In base 3, what is 1020211 - 1221212?
-201001
In base 7, what is 4 + 30312?
30316
In base 12, what is -35 + 1055?
1020
In base 16, what is -2 - -c319d?
c319b
In base 14, what is 23bd + -3a?
2383
In base 9, what is 141 - 2256?
-2115
In base 16, what is 129 + 2d?
156
In base 2, what is 1011011000111001 + -11?
1011011000110110
In base 9, what is -306 - 3570?
-3876
In base 10, what is 217 - 18?
199
In base 15, what is -5c6 - 5?
-5cb
In base 5, what is 243 + -2411?
-2113
In base 8, what is -334 + -547?
-1103
In base 12, what is 0 - 15bb1?
-15bb1
In base 11, what is aa - 8a1?
-7a2
In base 2, what is 11100111100 + 10101?
11101010001
In base 13, what is a664 + -158?
a509
In base 4, what is -302 - 2220022?
-2220330
In base 4, what is 1112 - 21103?
-13331
In base 6, what is 4 + -21450?
-21442
In base 10, what is -105672 + 2?
-105670
In base 9, what is 1 - -3063?
3064
In base 15, what is d + 16?
24
In base 3, what is -21111202011110 + -10?
-21111202011120
In base 14, what is -5d7 + -1636?
-1c2d
In base 7, what is 4 - -2121131?
2121135
In base 5, what is 331324 - 20?
331304
In base 12, what is -3b63 - -16?
-3b49
In base 10, what is 27871 - -25?
27896
In base 7, what is -5 + -2212465?
-2212503
In base 14, what is 4 - 114433?
-11442d
In base 12, what is -1417 + -2?
-1419
In base 4, what is 310012 + 133?
310211
In base 8, what is 102357 - 43?
102314
In base 2, what is 10001 - 1011101110110?
-1011101100101
In base 13, what is -5c + -2930?
-298c
In base 5, what is 1422 - 222?
1200
In base 6, what is 11022 - -32?
11054
In base 6, what is -1331 - 13354?
-15125
In base 4, what is 13201 - -1100312?
1120113
In base 3, what is 11210002 + 22?
11210101
In base 13, what is 46 - -3?
49
In base 10, what is -48 - 2884?
-2932
In base 15, what is 4 + -718c?
-7188
In base 7, what is 410433 - 5?
410425
In base 14, what is 610cd + 2?
610d1
In base 10, what is -6513 + -17?
-6530
In base 10, what is 802 - 157?
645
In base 3, what is 1122 - 111101?
-102202
In base 14, what is 27a0 - -30?
27d0
In base 6, what is 203304 - 2?
203302
In base 12, what is -21a + 2b4?
96
In base 8, what is 32354 + 71?
32445
In base 12, what is 80b25 + 5?
80b2a
In base 14, what is -36d14 + -12?
-36d26
In base 16, what is 2885a - -14?
2886e
In base 15, what is -a - -e5?
da
In base 12, what is -1 + -3000bb?
-300100
In base 8, what is 4 + -114602?
-114576
In base 10, what is -1390 - 1?
-1391
In base 12, what is -4b - -2871?
2822
In base 2, what is -101101110010111 + -10?
-101101110011001
In base 11, what is 15 - -7307?
7321
In base 15, what is 259 - a2?
1a7
In base 10, what is 88 + -70?
18
In base 13, what is 1934 + -350?
15b4
In base 15, what is a93 + 11?
aa4
In base 9, what is 178 - -342?
531
In base 3, what is 100010 + 120220?
221000
In base 6, what is 1010141 - -1?
1010142
In base 4, what is -1133123002 - -11?
-1133122331
In base 9, what is 200 + -267?
-67
In base 9, what is -155503 + -5?
-155508
In base 14, what is -28d - 47?
-2d6
In base 6, what is 450333 - 21?
450312
In base 15, what is 2d177c + -4?
2d1778
In base 4, what is -1210 - 2322?
-10132
In base 14, what is 305 + 633?
938
In base 12, what is -37 + 39884?
39849
In base 14, what is -5 - 2560?
-2565
In base 13, what is 81 + 126?
1a7
In base 10, what is 0 + -32426?
-32426
In base 15, what is 1da923 - 2?
1da921
In base 8, what is -63 + 20026?
17743
In base 4, what is 20121 - 1023?
13032
In base 2, what is 10 + -1000011100001?
-1000011011111
In base 2, what is -11011 - -11010011110?
11010000011
In base 9, what is 24 + -447?
-423
In base 15, what is 2aac19 + -1?
2aac18
In base 4, what is -21 - 102001332?
-102002013
In base 2, what is 111110011 + -1101111100?
-110001001
In base 3, what is -12 + 12210022020?
12210022001
In base 11, what is -4 + 14882?
14879
In base 2, what is -10011000010 + -1110110?
-10100111000
In base 14, what is 1d5 - 8d?
146
In base 10, what is -3 - 20850?
-20853
In base 16, what is c09 - -77?
c80
In base 8, what is -243065 + -4?
-243071
In base 14, what is 54a38 + 0?
54a38
In base 10, what is 37542 - -17?
37559
In base 8, what is 557 + 141?
720
In base 2, what is 11100100101001010 - -11011?
11100100101100101
In base 5, what is -231203 - 43?
-231301
In base 11, what is 421 - 45?
387
In base 11, what is -5a98 + 135?
-5963
In base 4, what is -3331 + 122?
-3203
In base 8, what is -10232 - 26?
-10260
In base 14, what is 2955 + 3?
2958
In base 11, what is 141 - -88?
219
In base 2, what is -111001000001000 - 10?
-111001000001010
In base 16, what is 10ab + 19?
10c4
In base 6, what is 115213025 - 3?
115213022
In base 12, what is 9 + -259a6?
-25999
In base 4, what is -120001 + 1300?
-112101
In base 13, what is 393aab + -4?
393aa7
In base 7, what is 3216 + 156?
3405
In base 2, what is 10100110000111 + -110?
10100110000001
In base 14, what is -9 + -84a7a?
-84a85
In base 8, what is 5500062 - 5?
5500055
In base 10, what is 41004 - 1?
41003
In base 4, what is -10 - -1131302?
1131232
In base 8, what is -4 - -77713?
77707
In base 4, what is 232211312 - 3?
232211303
In base 2, what is -1010 - 1000000100100?
-1000000101110
In base 6, what is -1012505 - -1?
-1012504
In base 11, what is 28 + 19252?
1927a
In base 13, what is -614bb - 1?
-614bc
In base 5, what is -3 - 34221440?
-34221443
In base 8, what is 5234 - -3?
5237
In base 2, what is 10010001100011101 + -10?
10010001100011011
In base 12, what is 2aaa04 + 0?
2aaa04
In base 7, what is -1465013 + -4?
-1465020
In base 9, what is -458 - -17531?
17062
In base 10, what is -3 - -522733?
522730
In base 6, what is 12054 - -33?
12131
In base 9, what is 856704 + -3?
856701
In base 11, what is 303a0 + -4?
30397
In base 14, what is -3b106 + 1?
-3b105
In base 7, what is 1232 - 64?
1135
In base 7, what is -43 + 1134?
1061
In base 11, what is -4 + -1a2398?
-1a23a1
In base 11, what is 11a - -10239?
10358
In base 9, what is -85605 + -3?
-85608
In base 8, what is -4 - -6513405?
6513401
In base 2, what is -101001011 + -110100000?
-1011101011
In base 6, what is 20130 + -2?
20124
In base 7, what is -261030 - -1?
-261026
In base 13, what is 0 - 918?
-918
In base 2, what is -101 + -1010011011001011010?
-1010011011001011111
In base 7, what is 13135 - -224?
13362
In base 15, what is 0 + -9871?
-9871
In base 15, what is d0a + 46?
d51
In base 6, what is -124 - -531032?
530504
In base 9, what is 1211 + -110?
1101
In base 16, what is -a53 + -a5?
-af8
In base 14, what is -609ab + 4?
-609a7
In base 13, what is -b82 + 5?
-b7a
In base 9, what is 2743 - -184?
3037
In base 3, what is -1 + 1011100022?
1011100021
In base 3, what is 220112 + -121?
212221
In base 14, what is -a + -b449?
-b455
In base 14, what is 0 - 5b333?
-5b333
In base